{"id":302,"date":"2020-04-15T11:58:22","date_gmt":"2020-04-15T11:58:22","guid":{"rendered":"http:\/\/sv-struthuetten.de\/?page_id=302"},"modified":"2025-02-14T18:42:06","modified_gmt":"2025-02-14T16:42:06","slug":"startseite","status":"publish","type":"page","link":"https:\/\/sv-struthuetten.de\/aktuelles\/","title":{"rendered":"Startseite"},"content":{"rendered":"\n<h3 class=\"wp-block-heading\"><strong>Willkommen beim Sch\u00fctzenverein Struth\u00fctten 1956 e.V<\/strong> <\/h3>\n\n\n\n<p>Seit unserer Gr\u00fcndung im Jahr 1956 stehen wir f\u00fcr Schie\u00dfsport, Tradition und eine starke Gemeinschaft. Unser Verein ist mehr als nur ein Sportverein \u2013 er ist ein Ort, an dem Menschen zusammenkommen, ihre Leidenschaft f\u00fcr den Schie\u00dfsport teilen und gemeinsam Feste feiern.<\/p>\n\n\n\n<p>Wir bieten Trainingsm\u00f6glichkeiten f\u00fcr Jung und Alt, f\u00f6rdern den Nachwuchs und pflegen unsere langj\u00e4hrige Tradition. Neben sportlichem Ehrgeiz stehen Kameradschaft und Geselligkeit bei uns im Mittelpunkt. Ob Wettk\u00e4mpfe, Vereinsfeste oder gesellige Abende \u2013 beim SV Struth\u00fctten ist immer etwas los!<\/p>\n\n\n\n<p>Interessierte sind jederzeit herzlich willkommen, sei es als aktives Mitglied, das den Schie\u00dfsport erlernen oder aus\u00fcben m\u00f6chte, oder als Teil unserer Vereinsgemeinschaft, die durch gemeinsame Veranstaltungen, Traditionen und gesellige Abende gest\u00e4rkt wird. Unser Vereinsheim ist ein Treffpunkt f\u00fcr Jung und Alt, ein Ort der Begegnung, an dem Freundschaften entstehen und Traditionen weiterleben. Wer sich f\u00fcr den Schie\u00dfsport begeistert oder einfach Teil einer starken Gemeinschaft sein m\u00f6chte, findet bei uns genau das Richtige. Kommen Sie vorbei, lernen Sie uns kennen und werden Sie Teil unserer Geschichte \u2013 wir freuen uns auf Sie!<\/p>\n\n\n\n<div class=\"wp-block-buttons is-layout-flex wp-block-buttons-is-layout-flex\">\n<div class=\"wp-block-button\"><a class=\"wp-block-button__link wp-element-button\" href=\"https:\/\/sv-struthuetten.de\/aktuelles\/aktuelles\/\">News<\/a><\/div>\n\n\n\n<div class=\"wp-block-button\"><a class=\"wp-block-button__link wp-element-button\" href=\"https:\/\/sv-struthuetten.de\/aktuelles\/trainingszeiten-anfahrt\/\">Trainingszeiten<\/a><\/div>\n\n\n\n<div class=\"wp-block-button\"><a class=\"wp-block-button__link wp-element-button\" href=\"https:\/\/sv-struthuetten.de\/aktuelles\/werde-mitglied\/\">Mitglied werden<\/a><\/div>\n<\/div>\n\n\n\n<p><\/p>\n","protected":false},"excerpt":{"rendered":"<p>Willkommen beim Sch\u00fctzenverein Struth\u00fctten 1956 e.V Seit unserer Gr\u00fcndung im Jahr 1956 stehen wir f\u00fcr Schie\u00dfsport, Tradition und eine starke Gemeinschaft. Unser Verein ist mehr als nur ein Sportverein \u2013 er ist ein Ort, an dem Menschen zusammenkommen, ihre Leidenschaft f\u00fcr den Schie\u00dfsport teilen und gemeinsam Feste feiern. Wir bieten Trainingsm\u00f6glichkeiten f\u00fcr Jung und Alt, f\u00f6rdern den Nachwuchs und pflegen unsere langj\u00e4hrige Tradition. Neben sportlichem Ehrgeiz stehen Kameradschaft und Geselligkeit bei uns im Mittelpunkt. Ob Wettk\u00e4mpfe, Vereinsfeste oder gesellige Abende \u2013 beim SV Struth\u00fctten ist immer etwas los! Interessierte sind jederzeit herzlich willkommen, sei es als aktives Mitglied, das den [&hellip;]<\/p>\n","protected":false},"author":1,"featured_media":0,"parent":0,"menu_order":0,"comment_status":"closed","ping_status":"closed","template":"","meta":{"ngg_post_thumbnail":0,"footnotes":""},"class_list":["post-302","page","type-page","status-publish","hentry"],"_links":{"self":[{"href":"https:\/\/sv-struthuetten.de\/aktuelles\/wp-json\/wp\/v2\/pages\/302","targetHints":{"allow":["GET"]}}],"collection":[{"href":"https:\/\/sv-struthuetten.de\/aktuelles\/wp-json\/wp\/v2\/pages"}],"about":[{"href":"https:\/\/sv-struthuetten.de\/aktuelles\/wp-json\/wp\/v2\/types\/page"}],"author":[{"embeddable":true,"href":"https:\/\/sv-struthuetten.de\/aktuelles\/wp-json\/wp\/v2\/users\/1"}],"replies":[{"embeddable":true,"href":"https:\/\/sv-struthuetten.de\/aktuelles\/wp-json\/wp\/v2\/comments?post=302"}],"version-history":[{"count":12,"href":"https:\/\/sv-struthuetten.de\/aktuelles\/wp-json\/wp\/v2\/pages\/302\/revisions"}],"predecessor-version":[{"id":7578,"href":"https:\/\/sv-struthuetten.de\/aktuelles\/wp-json\/wp\/v2\/pages\/302\/revisions\/7578"}],"wp:attachment":[{"href":"https:\/\/sv-struthuetten.de\/aktuelles\/wp-json\/wp\/v2\/media?parent=302"}],"curies":[{"name":"wp","href":"https:\/\/api.w.org\/{rel}","templated":true}]}}